{"id":24,"date":"2018-04-16T22:34:16","date_gmt":"2018-04-16T20:34:16","guid":{"rendered":"https:\/\/rajamade.de\/index.php\/hestia-front\/"},"modified":"2022-09-30T12:50:52","modified_gmt":"2022-09-30T10:50:52","slug":"hestia-front","status":"publish","type":"page","link":"https:\/\/rajamade.de\/","title":{"rendered":"Front Page"},"content":{"rendered":"\t\t<div data-elementor-type=\"wp-post\" data-elementor-id=\"24\" class=\"elementor elementor-24\">\n\t\t\t\t\t\t<section class=\"elementor-section elementor-top-section elementor-element elementor-element-66d26fbd elementor-section-boxed elementor-section-height-default elementor-section-height-default\" data-id=\"66d26fbd\" data-element_type=\"section\">\n\t\t\t\t\t\t<div class=\"elementor-container elementor-column-gap-default\">\n\t\t\t\t\t<div class=\"elementor-column elementor-col-100 elementor-top-column elementor-element elementor-element-6d8ee599\" data-id=\"6d8ee599\" data-element_type=\"column\">\n\t\t\t<div class=\"elementor-widget-wrap elementor-element-populated\">\n\t\t\t\t\t\t<div class=\"elementor-element elementor-element-11c859a7 elementor-widget elementor-widget-text-editor\" data-id=\"11c859a7\" data-element_type=\"widget\" data-widget_type=\"text-editor.default\">\n\t\t\t\t<div class=\"elementor-widget-container\">\n\t\t\t\t\t\t\t\t\tIch n\u00e4he Kleidung f\u00fcr Kinder und Erwachsene seit etwa 2013.\r\n\r\nSchaut Euch in meinem Shop um. Dort seht Ihr Beispiele von Sachen, die ich f\u00fcr Freunde und Bekannte gen\u00e4ht habe. Wenn Euch etwas gef\u00e4llt, dann k\u00f6nnt Ihr es in den Warenkorb legen und &#8222;kaufen&#8220;. Die Bilder zu den einzelnen Produkten sind aber nur Beispiele f\u00fcr die jeweiligen Produkte und im Regelfall keine wirklich vorhandenen Lagerbest\u00e4nde.\r\n\r\nDie Produkte werden dann nach Euren W\u00fcnschen (Farbangaben) individuell angefertigt.\t\t\t\t\t\t\t\t<\/div>\n\t\t\t\t<\/div>\n\t\t\t\t\t<\/div>\n\t\t<\/div>\n\t\t\t\t\t<\/div>\n\t\t<\/section>\n\t\t\t\t<\/div>\n\t\t","protected":false},"excerpt":{"rendered":"<p>Ich n\u00e4he Kleidung f\u00fcr Kinder und Erwachsene seit etwa 2013. Schaut Euch in meinem Shop um. Dort seht Ihr Beispiele von Sachen, die ich f\u00fcr Freunde und Bekannte gen\u00e4ht habe. Wenn Euch etwas gef\u00e4llt, dann k\u00f6nnt Ihr es in den Warenkorb legen und &#8222;kaufen&#8220;. Die Bilder zu den einzelnen Produkten [&hellip;]<\/p>\n","protected":false},"author":1,"featured_media":9,"parent":0,"menu_order":0,"comment_status":"closed","ping_status":"closed","template":"","meta":{"footnotes":""},"class_list":["post-24","page","type-page","status-publish","has-post-thumbnail","hentry"],"_links":{"self":[{"href":"https:\/\/rajamade.de\/index.php\/wp-json\/wp\/v2\/pages\/24","targetHints":{"allow":["GET"]}}],"collection":[{"href":"https:\/\/rajamade.de\/index.php\/wp-json\/wp\/v2\/pages"}],"about":[{"href":"https:\/\/rajamade.de\/index.php\/wp-json\/wp\/v2\/types\/page"}],"author":[{"embeddable":true,"href":"https:\/\/rajamade.de\/index.php\/wp-json\/wp\/v2\/users\/1"}],"replies":[{"embeddable":true,"href":"https:\/\/rajamade.de\/index.php\/wp-json\/wp\/v2\/comments?post=24"}],"version-history":[{"count":9,"href":"https:\/\/rajamade.de\/index.php\/wp-json\/wp\/v2\/pages\/24\/revisions"}],"predecessor-version":[{"id":361,"href":"https:\/\/rajamade.de\/index.php\/wp-json\/wp\/v2\/pages\/24\/revisions\/361"}],"wp:featuredmedia":[{"embeddable":true,"href":"https:\/\/rajamade.de\/index.php\/wp-json\/wp\/v2\/media\/9"}],"wp:attachment":[{"href":"https:\/\/rajamade.de\/index.php\/wp-json\/wp\/v2\/media?parent=24"}],"curies":[{"name":"wp","href":"https:\/\/api.w.org\/{rel}","templated":true}]}}